{"id":2,"date":"2024-01-12T22:23:15","date_gmt":"2024-01-12T21:23:15","guid":{"rendered":"http:\/\/localhost:8000\/?page_id=2"},"modified":"2024-02-28T16:57:01","modified_gmt":"2024-02-28T15:57:01","slug":"pagina-di-esempio","status":"publish","type":"page","link":"https:\/\/academy.m31.com\/?page_id=2","title":{"rendered":"La Nostra Storia"},"content":{"rendered":"\n<div class=\"wp-block-group has-global-padding is-layout-constrained wp-block-group-is-layout-constrained\" style=\"margin-bottom:var(--wp--preset--spacing--20)\">\n<div class=\"wp-block-group has-global-padding is-layout-constrained wp-container-core-group-is-layout-698bc3c5 wp-block-group-is-layout-constrained\" style=\"margin-bottom:var(--wp--preset--spacing--30)\">\n<p class=\"has-medium-font-size\">M31 nasce nel 2007 ad opera di un gruppo di imprenditori, ricercatori universitari e professionisti appassionati di tecnologia, coordinati da Ruggero Frezza. <\/p>\n\n\n\n<p class=\"has-medium-font-size\">Sin dalla sua costituzione, il cuore di M31 \u00e8 il suo team di ingegneria &#8211; nei quindici anni di operativit\u00e0, la Societ\u00e0 ha svolto pi\u00f9 di cento progetti di innovazione a vantaggio di startup proprie, imprese del territorio e grandi gruppi.<\/p>\n\n\n\n<p class=\"has-medium-font-size\">La nostra visione \u00e8 affiancare i nostri clienti nel realizzare le loro idee di innovazione mediante l\u2019applicazione di tecnologie allo stato dell\u2019arte e degli output della ricerca universitaria.<\/p>\n\n\n\n<p class=\"has-medium-font-size\">Tutto questo incarna il nostro <strong>\u00abWith You. Beyond.\u00bb<\/strong><\/p>\n<\/div>\n\n\n\n<div class=\"wp-block-group is-content-justification-left is-nowrap is-layout-flex wp-container-core-group-is-layout-fc9f69e7 wp-block-group-is-layout-flex\">\n<figure class=\"wp-block-image size-full is-resized wp-duotone-duotone-1\"><img loading=\"lazy\" decoding=\"async\" width=\"512\" height=\"512\" src=\"http:\/\/academy.m31.com\/wp-content\/uploads\/2024\/02\/travel-map.png\" alt=\"\" class=\"wp-image-927\" style=\"width:107px;height:auto\" srcset=\"https:\/\/academy.m31.com\/wp-content\/uploads\/2024\/02\/travel-map.png 512w, https:\/\/academy.m31.com\/wp-content\/uploads\/2024\/02\/travel-map-300x300.png 300w, https:\/\/academy.m31.com\/wp-content\/uploads\/2024\/02\/travel-map-150x150.png 150w\" sizes=\"auto, (max-width: 512px) 100vw, 512px\" \/><\/figure>\n\n\n\n<div class=\"wp-block-group is-vertical is-layout-flex wp-container-core-group-is-layout-fe9cc265 wp-block-group-is-layout-flex\">\n<div style=\"height:21px\" aria-hidden=\"true\" class=\"wp-block-spacer wp-container-content-a94db315\"><\/div>\n\n\n\n<h2 class=\"wp-block-heading\" style=\"font-size:clamp(0.929rem, 0.929rem + ((1vw - 0.2rem) * 0.785), 1.4rem);font-style:normal;font-weight:300\">Il Nostro Percorso<\/h2>\n<\/div>\n<\/div>\n\n\n\n<ul class=\"wp-block-list\" style=\"font-size:clamp(24.034px, 1.502rem + ((1vw - 3.2px) * 1.663), 40px);\">\n<li class=\"has-medium-font-size\"><strong>2007<\/strong>: Costituzione e lancio di M31 con il modello di incubazione tecnologica.<\/li>\n\n\n\n<li class=\"has-medium-font-size\"><strong>2013<\/strong>: Dopo l&#8217;avvio di sette startup tecnologiche in Italia, M31 decide di investire negli Stati Uniti con M31 inc.<\/li>\n\n\n\n<li class=\"has-medium-font-size\"><strong>2014<\/strong>: M31 acquisisce Seedlab, programma di accelerazione di nuove imprese tecnologiche.<\/li>\n\n\n\n<li class=\"has-medium-font-size\"><strong>2018<\/strong>: <strong>Adaptica<\/strong>, spinoff di M31 specializzata nello sviluppo di prodotti ottici per varie applicazioni e focalizzata sulla creazione di sistemi completi per la diagnostica oftalmica, \u00e8 acquisita dal Gruppo He Vision.<\/li>\n\n\n\n<li class=\"has-medium-font-size\"><strong>2019<\/strong>: <strong>Centervue<\/strong>, uno spinoff M31 specializzato nello sviluppo e introduzione sul mercato di diversi prodotti di successo per la diagnosi di malattie della retina, \u00e8 acquisito dal Gruppo Revenio.<\/li>\n\n\n\n<li class=\"has-medium-font-size\"><strong>2022<\/strong>: <strong>Uqido<\/strong>, spinoff M31 specializzata in realt\u00e0 virtuale, realt\u00e0 aumentata e applicazioni software di frontiera, \u00e8 acquisita dal gruppo Celli.<\/li>\n\n\n\n<li class=\"has-medium-font-size\"><strong>2023<\/strong>: M31 ottiene lo status di <strong><a href=\"https:\/\/www.unioncamere.gov.it\/sites\/default\/files\/elenchi%20trasferimento%20tecnologico\/cerificazioni2023\/MOD-B.1.7-06-Scheda%20M31.pdf\">Centro di Trasferimento Tecnologic<\/a>o<\/strong> nell\u2019ambito del Piano Industria 4.0, riconosciuto ufficialmente da Unioncamere.<\/li>\n\n\n\n<li class=\"has-medium-font-size\"><strong>2023<\/strong>: M31 diventa partner tecnologico di <a href=\"https:\/\/www.smact.cc\/\">SMACT<\/a> &#8211; uno degli 8 Centri di Competenza industria 4.0 nati in Italia su impulso del Ministero dello Sviluppo Economico, a Padova.<\/li>\n<\/ul>\n\n\n\n<div style=\"height:27px\" aria-hidden=\"true\" class=\"wp-block-spacer\"><\/div>\n\n\n\n<p>La nostra sede \u00e8 a Padova, in via Niccol\u00f2 Tommaseo 77, a pochi passi dai dipartimenti di ingegneria, fisica e matematica dell&#8217;Universit\u00e0 di Padova, con cui intratteniamo una forte relazione di collaborazione.<\/p>\n<\/div>\n\n\n\n<div class=\"wp-block-cover alignfull is-light has-parallax\" style=\"margin-top:0;margin-bottom:0;padding-top:var(--wp--preset--spacing--40);padding-right:var(--wp--preset--spacing--50);padding-bottom:var(--wp--preset--spacing--40);padding-left:var(--wp--preset--spacing--50)\"><span aria-hidden=\"true\" class=\"wp-block-cover__background has-base-background-color has-background-dim-0 has-background-dim\"><\/span><div role=\"img\" class=\"wp-block-cover__image-background wp-image-917 has-parallax\" style=\"background-position:50% 50%;background-image:url(http:\/\/academy.m31.com\/wp-content\/uploads\/2024\/02\/clovis-wood-photography-ESjWRoL3-70-unsplash-scaled-e1709133939403.jpg)\"><\/div><div class=\"wp-block-cover__inner-container has-global-padding is-layout-constrained wp-container-core-cover-is-layout-775fd467 wp-block-cover-is-layout-constrained\">\n<div style=\"height:150px\" aria-hidden=\"true\" class=\"wp-block-spacer\"><\/div>\n<\/div><\/div>\n\n\n\n<div class=\"wp-block-group alignfull has-base-color has-contrast-background-color has-text-color has-background has-link-color wp-elements-a29b036c4110a8776fa7b50ddeec9314 has-global-padding is-layout-constrained wp-container-core-group-is-layout-ee41d7a4 wp-block-group-is-layout-constrained\" style=\"margin-top:0;margin-bottom:0;padding-top:var(--wp--preset--spacing--20);padding-right:var(--wp--preset--spacing--10);padding-bottom:var(--wp--preset--spacing--20);padding-left:var(--wp--preset--spacing--10)\">\n<div class=\"wp-block-group is-vertical is-layout-flex wp-container-core-group-is-layout-fe9cc265 wp-block-group-is-layout-flex\">\n<p class=\"has-text-align-center has-text-color has-link-color wp-elements-73b17298a45b1fc53d0150ad85d8b80f\" style=\"color:#edebdfa1;font-size:clamp(0.875rem, 0.875rem + ((1vw - 0.2rem) * 0.042), 0.9rem);font-style:normal;font-weight:300;line-height:1.5\">M31 Partners<\/p>\n\n\n\n<div class=\"wp-block-group is-nowrap is-layout-flex wp-container-core-group-is-layout-35c824e0 wp-block-group-is-layout-flex\" style=\"padding-top:0;padding-bottom:0\">\n<figure class=\"wp-block-image size-full is-resized wp-duotone-f3f0e7-a62b0c-1\"><a href=\"https:\/\/smact.cc\"><img loading=\"lazy\" decoding=\"async\" width=\"1619\" height=\"768\" src=\"http:\/\/academy.m31.com\/wp-content\/uploads\/2024\/02\/SmactBW.png\" alt=\"\" class=\"wp-image-853\" style=\"width:110px;height:auto\" srcset=\"https:\/\/academy.m31.com\/wp-content\/uploads\/2024\/02\/SmactBW.png 1619w, https:\/\/academy.m31.com\/wp-content\/uploads\/2024\/02\/SmactBW-300x142.png 300w, https:\/\/academy.m31.com\/wp-content\/uploads\/2024\/02\/SmactBW-1024x486.png 1024w, https:\/\/academy.m31.com\/wp-content\/uploads\/2024\/02\/SmactBW-768x364.png 768w, https:\/\/academy.m31.com\/wp-content\/uploads\/2024\/02\/SmactBW-1536x729.png 1536w\" sizes=\"auto, (max-width: 1619px) 100vw, 1619px\" \/><\/a><\/figure>\n\n\n\n<figure class=\"wp-block-image size-full is-resized wp-duotone-f3f0e7-f3f0e7-2\"><a href=\"https:\/\/www.unismart.it\/\"><img loading=\"lazy\" decoding=\"async\" width=\"652\" height=\"200\" src=\"http:\/\/academy.m31.com\/wp-content\/uploads\/2024\/02\/logo-unismart-black.png\" alt=\"\" class=\"wp-image-856\" style=\"width:186px;height:auto\" srcset=\"https:\/\/academy.m31.com\/wp-content\/uploads\/2024\/02\/logo-unismart-black.png 652w, https:\/\/academy.m31.com\/wp-content\/uploads\/2024\/02\/logo-unismart-black-300x92.png 300w\" sizes=\"auto, (max-width: 652px) 100vw, 652px\" \/><\/a><\/figure>\n<\/div>\n\n\n\n<p class=\"has-text-align-center has-base-color has-text-color has-link-color has-small-font-size wp-elements-4b054ad070e94b056d1e86ec6518da0e\" style=\"font-style:normal;font-weight:300;line-height:1.5\">M31 \u00e8 Centro di Trasferimento Tecnologico certificato Industria 4.0<\/p>\n<\/div>\n<\/div>\n","protected":false},"excerpt":{"rendered":"<p>M31 nasce nel 2007 ad opera di un gruppo di imprenditori, ricercatori universitari e professionisti appassionati di tecnologia, coordinati da Ruggero Frezza. Sin dalla sua costituzione, il cuore di M31 \u00e8 il suo team di ingegneria &#8211; nei quindici anni di operativit\u00e0, la Societ\u00e0 ha svolto pi\u00f9 di cento progetti di innovazione a vantaggio di [&hellip;]<\/p>\n","protected":false},"author":1,"featured_media":0,"parent":0,"menu_order":4,"comment_status":"closed","ping_status":"open","template":"","meta":{"footnotes":""},"class_list":["post-2","page","type-page","status-publish","hentry"],"yoast_head":"<!-- This site is optimized with the Yoast SEO plugin v27.3 - https:\/\/yoast.com\/product\/yoast-seo-wordpress\/ -->\n<title>La Nostra Storia - M31 Academy<\/title>\n<meta name=\"robots\" content=\"index, follow, max-snippet:-1, max-image-preview:large, max-video-preview:-1\" \/>\n<link rel=\"canonical\" href=\"https:\/\/academy.m31.com\/?page_id=2\" \/>\n<meta property=\"og:locale\" content=\"it_IT\" \/>\n<meta property=\"og:type\" content=\"article\" \/>\n<meta property=\"og:title\" content=\"La Nostra Storia - M31 Academy\" \/>\n<meta property=\"og:description\" content=\"M31 nasce nel 2007 ad opera di un gruppo di imprenditori, ricercatori universitari e professionisti appassionati di tecnologia, coordinati da Ruggero Frezza. Sin dalla sua costituzione, il cuore di M31 \u00e8 il suo team di ingegneria &#8211; nei quindici anni di operativit\u00e0, la Societ\u00e0 ha svolto pi\u00f9 di cento progetti di innovazione a vantaggio di [&hellip;]\" \/>\n<meta property=\"og:url\" content=\"https:\/\/academy.m31.com\/?page_id=2\" \/>\n<meta property=\"og:site_name\" content=\"M31 Academy\" \/>\n<meta property=\"article:modified_time\" content=\"2024-02-28T15:57:01+00:00\" \/>\n<meta property=\"og:image\" content=\"http:\/\/academy.m31.com\/wp-content\/uploads\/2024\/02\/travel-map.png\" \/>\n<meta name=\"twitter:card\" content=\"summary_large_image\" \/>\n<meta name=\"twitter:label1\" content=\"Tempo di lettura stimato\" \/>\n\t<meta name=\"twitter:data1\" content=\"3 minuti\" \/>\n<script type=\"application\/ld+json\" class=\"yoast-schema-graph\">{\"@context\":\"https:\\\/\\\/schema.org\",\"@graph\":[{\"@type\":\"WebPage\",\"@id\":\"https:\\\/\\\/academy.m31.com\\\/?page_id=2\",\"url\":\"https:\\\/\\\/academy.m31.com\\\/?page_id=2\",\"name\":\"La Nostra Storia - M31 Academy\",\"isPartOf\":{\"@id\":\"https:\\\/\\\/academy.m31.com\\\/#website\"},\"primaryImageOfPage\":{\"@id\":\"https:\\\/\\\/academy.m31.com\\\/?page_id=2#primaryimage\"},\"image\":{\"@id\":\"https:\\\/\\\/academy.m31.com\\\/?page_id=2#primaryimage\"},\"thumbnailUrl\":\"http:\\\/\\\/academy.m31.com\\\/wp-content\\\/uploads\\\/2024\\\/02\\\/travel-map.png\",\"datePublished\":\"2024-01-12T21:23:15+00:00\",\"dateModified\":\"2024-02-28T15:57:01+00:00\",\"breadcrumb\":{\"@id\":\"https:\\\/\\\/academy.m31.com\\\/?page_id=2#breadcrumb\"},\"inLanguage\":\"it-IT\",\"potentialAction\":[{\"@type\":\"ReadAction\",\"target\":[\"https:\\\/\\\/academy.m31.com\\\/?page_id=2\"]}]},{\"@type\":\"ImageObject\",\"inLanguage\":\"it-IT\",\"@id\":\"https:\\\/\\\/academy.m31.com\\\/?page_id=2#primaryimage\",\"url\":\"https:\\\/\\\/academy.m31.com\\\/wp-content\\\/uploads\\\/2024\\\/02\\\/travel-map.png\",\"contentUrl\":\"https:\\\/\\\/academy.m31.com\\\/wp-content\\\/uploads\\\/2024\\\/02\\\/travel-map.png\",\"width\":512,\"height\":512},{\"@type\":\"BreadcrumbList\",\"@id\":\"https:\\\/\\\/academy.m31.com\\\/?page_id=2#breadcrumb\",\"itemListElement\":[{\"@type\":\"ListItem\",\"position\":1,\"name\":\"Home\",\"item\":\"https:\\\/\\\/academy.m31.com\\\/\"},{\"@type\":\"ListItem\",\"position\":2,\"name\":\"La Nostra Storia\"}]},{\"@type\":\"WebSite\",\"@id\":\"https:\\\/\\\/academy.m31.com\\\/#website\",\"url\":\"https:\\\/\\\/academy.m31.com\\\/\",\"name\":\"M31\",\"description\":\"With You. Beyond.\",\"publisher\":{\"@id\":\"https:\\\/\\\/academy.m31.com\\\/#organization\"},\"potentialAction\":[{\"@type\":\"SearchAction\",\"target\":{\"@type\":\"EntryPoint\",\"urlTemplate\":\"https:\\\/\\\/academy.m31.com\\\/?s={search_term_string}\"},\"query-input\":{\"@type\":\"PropertyValueSpecification\",\"valueRequired\":true,\"valueName\":\"search_term_string\"}}],\"inLanguage\":\"it-IT\"},{\"@type\":\"Organization\",\"@id\":\"https:\\\/\\\/academy.m31.com\\\/#organization\",\"name\":\"M31\",\"url\":\"https:\\\/\\\/academy.m31.com\\\/\",\"logo\":{\"@type\":\"ImageObject\",\"inLanguage\":\"it-IT\",\"@id\":\"https:\\\/\\\/academy.m31.com\\\/#\\\/schema\\\/logo\\\/image\\\/\",\"url\":\"https:\\\/\\\/academy.m31.com\\\/wp-content\\\/uploads\\\/2024\\\/03\\\/m31logo2024.png\",\"contentUrl\":\"https:\\\/\\\/academy.m31.com\\\/wp-content\\\/uploads\\\/2024\\\/03\\\/m31logo2024.png\",\"width\":500,\"height\":625,\"caption\":\"M31\"},\"image\":{\"@id\":\"https:\\\/\\\/academy.m31.com\\\/#\\\/schema\\\/logo\\\/image\\\/\"},\"sameAs\":[\"https:\\\/\\\/www.linkedin.com\\\/company\\\/m31tech\\\/\"]}]}<\/script>\n<!-- \/ Yoast SEO plugin. -->","yoast_head_json":{"title":"La Nostra Storia - M31 Academy","robots":{"index":"index","follow":"follow","max-snippet":"max-snippet:-1","max-image-preview":"max-image-preview:large","max-video-preview":"max-video-preview:-1"},"canonical":"https:\/\/academy.m31.com\/?page_id=2","og_locale":"it_IT","og_type":"article","og_title":"La Nostra Storia - M31 Academy","og_description":"M31 nasce nel 2007 ad opera di un gruppo di imprenditori, ricercatori universitari e professionisti appassionati di tecnologia, coordinati da Ruggero Frezza. Sin dalla sua costituzione, il cuore di M31 \u00e8 il suo team di ingegneria &#8211; nei quindici anni di operativit\u00e0, la Societ\u00e0 ha svolto pi\u00f9 di cento progetti di innovazione a vantaggio di [&hellip;]","og_url":"https:\/\/academy.m31.com\/?page_id=2","og_site_name":"M31 Academy","article_modified_time":"2024-02-28T15:57:01+00:00","og_image":[{"url":"http:\/\/academy.m31.com\/wp-content\/uploads\/2024\/02\/travel-map.png","type":"","width":"","height":""}],"twitter_card":"summary_large_image","twitter_misc":{"Tempo di lettura stimato":"3 minuti"},"schema":{"@context":"https:\/\/schema.org","@graph":[{"@type":"WebPage","@id":"https:\/\/academy.m31.com\/?page_id=2","url":"https:\/\/academy.m31.com\/?page_id=2","name":"La Nostra Storia - M31 Academy","isPartOf":{"@id":"https:\/\/academy.m31.com\/#website"},"primaryImageOfPage":{"@id":"https:\/\/academy.m31.com\/?page_id=2#primaryimage"},"image":{"@id":"https:\/\/academy.m31.com\/?page_id=2#primaryimage"},"thumbnailUrl":"http:\/\/academy.m31.com\/wp-content\/uploads\/2024\/02\/travel-map.png","datePublished":"2024-01-12T21:23:15+00:00","dateModified":"2024-02-28T15:57:01+00:00","breadcrumb":{"@id":"https:\/\/academy.m31.com\/?page_id=2#breadcrumb"},"inLanguage":"it-IT","potentialAction":[{"@type":"ReadAction","target":["https:\/\/academy.m31.com\/?page_id=2"]}]},{"@type":"ImageObject","inLanguage":"it-IT","@id":"https:\/\/academy.m31.com\/?page_id=2#primaryimage","url":"https:\/\/academy.m31.com\/wp-content\/uploads\/2024\/02\/travel-map.png","contentUrl":"https:\/\/academy.m31.com\/wp-content\/uploads\/2024\/02\/travel-map.png","width":512,"height":512},{"@type":"BreadcrumbList","@id":"https:\/\/academy.m31.com\/?page_id=2#breadcrumb","itemListElement":[{"@type":"ListItem","position":1,"name":"Home","item":"https:\/\/academy.m31.com\/"},{"@type":"ListItem","position":2,"name":"La Nostra Storia"}]},{"@type":"WebSite","@id":"https:\/\/academy.m31.com\/#website","url":"https:\/\/academy.m31.com\/","name":"M31","description":"With You. Beyond.","publisher":{"@id":"https:\/\/academy.m31.com\/#organization"},"potentialAction":[{"@type":"SearchAction","target":{"@type":"EntryPoint","urlTemplate":"https:\/\/academy.m31.com\/?s={search_term_string}"},"query-input":{"@type":"PropertyValueSpecification","valueRequired":true,"valueName":"search_term_string"}}],"inLanguage":"it-IT"},{"@type":"Organization","@id":"https:\/\/academy.m31.com\/#organization","name":"M31","url":"https:\/\/academy.m31.com\/","logo":{"@type":"ImageObject","inLanguage":"it-IT","@id":"https:\/\/academy.m31.com\/#\/schema\/logo\/image\/","url":"https:\/\/academy.m31.com\/wp-content\/uploads\/2024\/03\/m31logo2024.png","contentUrl":"https:\/\/academy.m31.com\/wp-content\/uploads\/2024\/03\/m31logo2024.png","width":500,"height":625,"caption":"M31"},"image":{"@id":"https:\/\/academy.m31.com\/#\/schema\/logo\/image\/"},"sameAs":["https:\/\/www.linkedin.com\/company\/m31tech\/"]}]}},"_links":{"self":[{"href":"https:\/\/academy.m31.com\/index.php?rest_route=\/wp\/v2\/pages\/2","targetHints":{"allow":["GET"]}}],"collection":[{"href":"https:\/\/academy.m31.com\/index.php?rest_route=\/wp\/v2\/pages"}],"about":[{"href":"https:\/\/academy.m31.com\/index.php?rest_route=\/wp\/v2\/types\/page"}],"author":[{"embeddable":true,"href":"https:\/\/academy.m31.com\/index.php?rest_route=\/wp\/v2\/users\/1"}],"replies":[{"embeddable":true,"href":"https:\/\/academy.m31.com\/index.php?rest_route=%2Fwp%2Fv2%2Fcomments&post=2"}],"version-history":[{"count":21,"href":"https:\/\/academy.m31.com\/index.php?rest_route=\/wp\/v2\/pages\/2\/revisions"}],"predecessor-version":[{"id":933,"href":"https:\/\/academy.m31.com\/index.php?rest_route=\/wp\/v2\/pages\/2\/revisions\/933"}],"wp:attachment":[{"href":"https:\/\/academy.m31.com\/index.php?rest_route=%2Fwp%2Fv2%2Fmedia&parent=2"}],"curies":[{"name":"wp","href":"https:\/\/api.w.org\/{rel}","templated":true}]}}